u) = 2*u**2 - 1216*u + 6025. Calculate t(5).
-5
Let w(b) = 34*b**2 + 1529*b - 43. Calculate w(-45).
2
Let c(f) = f**3 + 11*f**2 - 35*f + 8. What is c(-9)?
485
Let t(k) = 3*k**3 + 21*k**2 + 29*k - 6. Determine t(-2).
-4
Let o(i) = -i**3 + 72*i**2 - 447*i - 510. Calculate o(65).
10
Let t(n) = 10*n + 14. Give t(5).
64
Let u(t) = -t**2 + 93*t - 605. Determine u(86).
-3
Let i(y) = -4*y**2 + 245*y + 1354. Determine i(-5).
29
Let p(t) = 121*t - 9. Give p(2).
233
Let w(k) = 34*k + 34. Calculate w(-6).
-170
Let g(b) = -b**3 + 89*b**2 + 278*b - 306. Determine g(92).
-122
Let a(y) = -3*y**2 - 74*y + 280. Calculate a(4).
-64
Let l(n) = -3*n**2 + 187*n + 741. What is l(66)?
15
Let v(j) = -34*j + 2410. Calculate v(88).
-582
Let v(n) = 4*n**2 + 32*n - 17. Calculate v(3).
115
Let d(g) = -4*g**2 + 6*g - 15. Give d(-4).
-103
Let j(p) = -2*p**3 - 124*p**2 + 127*p + 53. Determine j(-63).
-10
Let u(k) = 39*k**3 + 7*k**2 + 13*k + 8. Determine u(-1).
-37
Let y(n) = 57*n - 691. Calculate y(13).
50
Let j(k) = -k**3 - 9*k**2 - 7*k - 108. Determine j(-9).
-45
Let q(f) = 29*f + 260. What is q(-10)?
-30
Let z(k) = k**3 - 223*k**2 - 413*k + 42340. Calculate z(224).
4
Let w(o) = 9*o**2 - 171*o + 40. Calculate w(18).
-122
Let a(f) = f**2 + 24*f + 56. Determine a(-6).
-52
Let w(l) = -l**2 - 977*l - 5842. Give w(-6).
-16
Let j(k) = -k**2 + 56*k + 250. Give j(60).
10
Let a(v) = -v**3 + 25*v**2 + 2597*v + 192. What is a(65)?
-3
Let w(v) = -131*v + 2418. Calculate w(19).
-71
Let y(c) = c**3 + 35*c**2 - 13*c + 820. Determine y(-36).
-8
Let x(w) = -46*w**2 + 30*w - 32. Calculate x(1).
-48
Let d(b) = -95*b + 3891. What is d(41)?
-4
Let d(f) = -f + 8. Calculate d(-2).
10
Let s(x) = -x**2 - 23*x - 101. What is s(-10)?
29
Let c(b) = 121*b + 20785. Give c(-172).
-27
Let v(l) = 776*l + 5404. Calculate v(-7).
-28
Let g(t) = -t**3 - 2*t**2 + 168*t - 6. Determine g(-14).
-6
Let g(i) = -i + 60. What is g(-27)?
87
Let d(o) = -o**3 + 71*o**2 + 633*o + 27. Determine d(-8).
19
Let v(q) = q**2 - 663*q + 3960. What is v(6)?
18
Let k(p) = -p**3 + 22*p**2 - 17*p - 26. Give k(7).
590
Let i(u) = 14*u + 280. Calculate i(19).
546
Let v(w) = 997*w + 2945. What is v(-3)?
-46
Let q(j) = 2*j**3 - 45*j**2 - 455*j + 110. Give q(30).
-40
Let s(c) = 84*c**3 - c**2 - 2*c + 4. Determine s(1).
85
Let c(d) = -7*d**2 + 195*d + 29. Calculate c(28).
1
Let w(f) = 2*f**2 - 19*f + 88. Determine w(4).
44
Let v(u) = 53*u + 40. Give v(-7).
-331
Let c(b) = -b**3 + 27*b**2 + 28*b - 51. What is c(28)?
-51
Let n(z) = -2*z**3 + 105*z**2 - 124*z + 3747. Calculate n(52).
3
Let q(h) = -h**3 - 24*h**2 + 2*h - 7. Calculate q(0).
-7
Let a(o) = -11*o**2 - o - 50. Determine a(-3).
-146
Let b(d) = -11*d**2 - 100*d + 508. Calculate b(5).
-267
Let l(f) = f**3 + f**2 - 9*f - 11. Determine l(3).
-2
Let c(z) = z**2 - 289*z - 292. Determine c(-1).
-2
Let w(z) = -z**2 - 7*z + 843. Determine w(-33).
-15
Let n(r) = -r**3 - 95*r**2 - 936*r - 1036. Give n(-84).
-28
Let n(y) = 10*y**2 + 2355*y - 4711. Determine n(2).
39
Let b(m) = -902*m - 3588. Calculate b(-4).
20
Let s(j) = 7*j - 143. What is s(-6)?
-185
Let j(u) = 20*u + 419. What is j(11)?
639
Let r(g) = 3*g**3 + 18*g**2 - 8*g - 15. Determine r(-6).
33
Let l(m) = 346*m - 3730. Calculate l(12).
422
Let j(u) = -u + 313. Determine j(26).
287
Let j(m) = m**3 + 68*m**2 - 209*m + 215. Give j(-71).
-69
Let x(r) = r**3 - 31*r**2 + 235*r - 161. What is x(19)?
-28
Let k(r) = 68*r**2 - 1480*r - 358. What is k(22)?
-6
Let d(r) = 1122*r - 20199. Determine d(18).
-3
Let w(o) = 238*o**2 + 17*o + 17. Give w(-1).
238
Let g(s) = -4*s**2 - 12*s + 91. What is g(-6)?
19
Let a(s) = 62*s + 939. Determine a(-14).
71
Let q(c) = -235*c + 22. Give q(-1).
257
Let g(o) = o**2 - 999*o + 24353. Determine g(25).
3
Let u(i) = -i**2 + 32*i + 153. Give u(36).
9
Let m(x) = -2*x**3 + 2*x**2 - 6*x + 23. Calculate m(5).
-207
Let g(q) = -q**3 - 27*q**2 + 39*q - 48. Calculate g(-29).
503
Let w(y) = 2017*y + 92789. Determine w(-46).
7
Let o(z) = 60*z - 1462. Give o(24).
-22
Let u(r) = 2129*r + 63871. Determine u(-30).
1
Let m(l) = 18*l**3 + 989*l**2 - 70*l - 821. Calculate m(-55).
4
Let w(p) = -3*p**3 + 48*p**2 - 8*p + 122. Calculate w(16).
-6
Let r(y) = -7519*y + 165430. Determine r(22).
12
Let r(o) = -2*o**2 + 137*o + 14304. What is r(-57)?
-3
Let f(j) = 39*j + 967. Determine f(-32).
-281
Let k(c) = 8*c**3 - c**2 + 32*c - 58. Give k(2).
66
Let d(a) = -143*a - 617. Calculate d(-4).
-45
Let o(h) = -21*h - 238. Determine o(-11).
-7
Let p(m) = m**3 - 10*m**2 + m + 22. Determine p(11).
154
Let u(s) = -44*s - 848. Calculate u(-19).
-12
Let w(m) = 308*m + 2464. What is w(-8)?
0
Let r(b) = 2*b**2 + 83*b - 362. Calculate r(4).
2
Let c(j) = -j**2 - 39*j - 12. Calculate c(-39).
-12
Let b(g) = -g**2 - 46*g + 36. Determine b(-51).
-219
Let z(w) = w**3 - w**2 + 197*w - 837. What is z(4)?
-1
Let p(f) = -4*f + 173. Determine p(47).
-15
Let d(y) = -11*y**2 + 135*y - 358. Determine d(4).
6
Let q(s) = s**2 - 41*s - 187. What is q(42)?
-145
Let f(m) = -24*m + 1518. Give f(55).
198
Let f(z) = 6*z**2 + 71*z + 1. Give f(-15).
286
Let v(f) = -f**3 + 21*f**2 - 35*f - 90. Calculate v(19).
-33
Let t(q) = -q**2 + 45*q - 115. Determine t(42).
11
Let f(p) = -321*p - 25672. Calculate f(-80).
8
Let g(z) = -z**2 + 36*z - 192. Calculate g(30).
-12
Let v(w) = -60*w**2 + 112*w - 16. What is v(4)?
-528
Let h(c) = 135*c + 145. Calculate h(-1).
10
Let r(m) = m**2 + 19*m - 1288. Give r(-51).
344
Let j(b) = 3*b**3 - 12*b - 12. Give j(-2).
-12
Let x(c) = 70*c - 4. Give x(-1).
-74
Let a(b) = 2*b**3 + 15*b**2 - 161*b - 1171. Determine a(-7).
5
Let q(j) = 491*j + 17659. Determine q(-36).
-17
Let w(b) = -60*b - 2030. Calculate w(-34).
10
Let f(h) = h**3 - 18*h**2 - 59*h - 89. Give f(21).
-5
Let t(f) = 3*f**2 + 17*f - 41. Give t(2).
5
Let g(j) = -2996*j + 41921. Calculate g(14).
-23
Let b(j) = -2*j**3 - 13*j**2 + 72*j + 17. Give b(-10).
-3
Let c(o) = -o**3 + 35*o**2 + 5*o - 128. Calculate c(35).
47
Let l(i) = 35*i**2 + 14*i - 29. Calculate l(3).
328
Let d(o) = -2*o**2 - 56*o - 74. Determine d(-25).
76
Let o(n) = -2*n**2 + 52*n + 139. Determine o(24).
235
Let x(r) = 2*r**3 + 59*r**2 - 15*r + 316. What is x(-30)?
-134
Let g(b) = -7*b**2 + 959*b + 2949. Calculate g(140).
9
Let s(z) = -3*z**2 - 194*z + 785. Give s(4).
-39
Let s(x) = -x**3 + 10*x**2 - 31*x + 11. Determine s(4).
-17
Let p(d) = -6*d**3 + 2*d**2 + 4*d - 3. Determine p(1).
-3
Let x(n) = 409*n - 1634. Give x(4).
2
Let v(t) = -13*t**2 - 1360*t - 832. Determine v(-104).
0
Let m(g) = g**2 - 11*g + 10. Give m(9).
-8
Let i(t) = t**2 - 52*t - 5415. Determine i(104).
-7
Let z(p) = -2*p**2 + 58*p - 10. Calculate z(27).
98
Let g(u) = -47*u + 2201. Determine g(46).
39
Let r(y) = y**3 - 530*y**2 - 3758*y + 13. Give r(-7).
6
Let z(j) = -866*j + 5173. What is z(6)?
-23
Let l(i) = i**2 + 17*i + 9. Calculate l(-17).
9
Let d(a) = a**2 + 3648*a - 18246. What is d(5)?
19
Let x(n) = -1508*n + 10527. Give x(7).
-29
Let d(f) = 3*f**2 + 145*f + 964. Give d(-8).
-4
Let f(v) = -v + 69. Determine f(41).
28
Let x(g) = 2*g**2 - 127*g - 2259. Give x(78).
3
Let r(m) = -11*m**2 - 6*m + 15. Determine r(2).
-41
Let g(v) = -288*v - 37439. What is g(-130)?
1
Let t(q) = -1314*q + 5262. What is t(4)?
6
Let w(g) = g**2 + 2603*g + 10378. Determine w(-4).
-18
Let l(k) = 1270*k + 46996. What is l(-37)?
6
Let w(v) = 312*v - 1680. Calculate w(5).
-120
Let n(z) = z**2 + 23*z + 296. Determine n(0).
296
Let b(g) = -g**3 - 10*g**2 + 26*g + 275. Give b(-5).
20
Let n(m) = -147*m + 5. Determine n(2).
-289
Let p(g) = -g**3 + 38*g**2 - 29*g - 321. Determine p(37).
-25
Let x(y) = 73*y**2 + 441*y + 25. Calculate x(-6).
7
Let q(a) = -28*a + 530. Calculate q(7).
334
Let y(v) = 1169*v - 234971. Determine y(201).
-2
Let p(l) = 2*l**2 + 66*l + 125. Determine p(-29).
-107
Let g(r) = 43*r + 3054. Calculate g(-71).
1
Let r(h) = -59*h + 1128. What is r(17)?
125
Let g(p) = 62*p + 242. Give g(-11).
-440
Let y(v) = 36*v - 1250. Determine y(34).
-26
Let h(n) = 10*n - 54. Determine h(3).
-24
Let w(s) = -246*s - 2675. Calculate w(-11).
31
Let v(i) = i**2 - 85*i - 171. Give v(87).
3
Let n(t) = -629*t**2 + 2507*t + 31. What is n(4)?
-5
Let q(d) = 105*d + 442. What is q(-5)?
-83
Let r(p) = 44*p**3 - 4*p**2 + 12*p - 14. Determine r(2).
346
Let l(n) = -n**3 - 7*n**2 - 17*n - 87. Calculate l